{"id":500,"date":"2025-12-01T11:57:41","date_gmt":"2025-12-01T10:57:41","guid":{"rendered":"http:\/\/bo-wigger.de\/?page_id=500"},"modified":"2026-01-15T15:18:31","modified_gmt":"2026-01-15T14:18:31","slug":"demosongs","status":"publish","type":"page","link":"https:\/\/bo-wigger.de\/index.php\/demosongs\/","title":{"rendered":"Demosongs"},"content":{"rendered":"\t\t<div data-elementor-type=\"wp-post\" data-elementor-id=\"500\" class=\"elementor elementor-500\">\n\t\t\t\t<div class=\"elementor-element elementor-element-29bb08a e-flex e-con-boxed e-con e-parent\" data-id=\"29bb08a\" data-element_type=\"container\" data-e-type=\"container\">\n\t\t\t\t\t<div class=\"e-con-inner\">\n\t\t<div class=\"elementor-element elementor-element-8e23722 e-con-full e-flex e-con e-child\" data-id=\"8e23722\" data-element_type=\"container\" data-e-type=\"container\">\n\t\t\t\t<div class=\"elementor-element elementor-element-5e13171 elementor-widget elementor-widget-text-editor\" data-id=\"5e13171\" data-element_type=\"widget\" data-e-type=\"widget\" data-widget_type=\"text-editor.default\">\n\t\t\t\t\t\t\t\t\t<p>Demosongs<\/p>\t\t\t\t\t\t\t\t<\/div>\n\t\t\t\t<\/div>\n\t\t<div class=\"elementor-element elementor-element-6e69759 e-con-full e-flex e-con e-child\" data-id=\"6e69759\" data-element_type=\"container\" data-e-type=\"container\">\n\t\t\t\t<\/div>\n\t\t\t\t\t<\/div>\n\t\t\t\t<\/div>\n\t\t\t\t<section class=\"elementor-section elementor-top-section elementor-element elementor-element-xzv1c7c elementor-section-boxed elementor-section-height-default elementor-section-height-default\" data-id=\"xzv1c7c\" data-element_type=\"section\" data-e-type=\"section\">\n\t\t\t\t\t\t<div class=\"elementor-container elementor-column-gap-default\">\n\t\t\t\t\t<div class=\"elementor-column elementor-col-50 elementor-top-column elementor-element elementor-element-1m6w5cw\" data-id=\"1m6w5cw\" data-element_type=\"column\" data-e-type=\"column\" data-settings=\"{&quot;background_background&quot;:&quot;classic&quot;}\">\n\t\t\t<div class=\"elementor-widget-wrap elementor-element-populated\">\n\t\t\t\t\t\t<div class=\"elementor-element elementor-element-12ayfq6 elementor-widget__width-initial elementor-widget elementor-widget-text-editor\" data-id=\"12ayfq6\" data-element_type=\"widget\" data-e-type=\"widget\" data-widget_type=\"text-editor.default\">\n\t\t\t\t\t\t\t\t\t<p>Viele Songs werden auf ganz eigene Weise interpretiert.<br>Bo Wigger schafft eine Musikatmosph\u00e4re zum Zuh\u00f6ren, Mitsingen und Tanzen.<\/p>\n<p>Demosongs k\u00f6nnen hier im mp3-Format angeh\u00f6rt werden:<\/p>\n<p><span style=\"color: #3366ff;\"><b>&nbsp;<\/b><\/span><\/p>\n<p><a href=\"https:\/\/bo-wigger.de\/wp-content\/uploads\/2025\/12\/Bo-Wigger-Fly-with-me-new-version.mp3\">Fly with me<\/a><\/p>\n<p><a href=\"https:\/\/bo-wigger.de\/wp-content\/uploads\/2025\/12\/Bo-Wigger-Old-man\u00b4s-philosophy-new-version.mp3\">Old man&#8217;s philosophy<\/a><b><\/b><\/p>\n<p><a href=\"https:\/\/bo-wigger.de\/wp-content\/uploads\/2025\/12\/Bo%20Wigger%20-%20Tired%20(Duo).mp3\" data-wplink-url-error=\"true\">Tired<\/a><\/p>\n<p><a href=\"https:\/\/bo-wigger.de\/wp-content\/uploads\/2025\/12\/ScarboroughFair.mp3\">Scarborough Fair<\/a><\/p><p><br><\/p>\n<p>Weitere Musikaufnahmen siehe <a href=\"https:\/\/bo-wigger.de\/index.php\/diskografie\/\">Diskografie<\/a>.<\/p>\t\t\t\t\t\t\t\t<\/div>\n\t\t\t\t<div class=\"elementor-element elementor-element-190ae8d elementor-widget elementor-widget-image\" data-id=\"190ae8d\" data-element_type=\"widget\" data-e-type=\"widget\" data-widget_type=\"image.default\">\n\t\t\t\t\t\t\t\t\t\t\t\t\t\t\t<img fetchpriority=\"high\" decoding=\"async\" width=\"380\" height=\"680\" src=\"https:\/\/bo-wigger.de\/wp-content\/uploads\/2025\/12\/298794206_170726118818806_2924432698117123022_n-1.jpg\" class=\"attachment-large size-large wp-image-417\" alt=\"\" srcset=\"https:\/\/bo-wigger.de\/wp-content\/uploads\/2025\/12\/298794206_170726118818806_2924432698117123022_n-1.jpg 380w, https:\/\/bo-wigger.de\/wp-content\/uploads\/2025\/12\/298794206_170726118818806_2924432698117123022_n-1-168x300.jpg 168w\" sizes=\"(max-width: 380px) 100vw, 380px\" \/>\t\t\t\t\t\t\t\t\t\t\t\t\t\t\t<\/div>\n\t\t\t\t\t<\/div>\n\t\t<\/div>\n\t\t\t\t<div class=\"elementor-column elementor-col-50 elementor-top-column elementor-element elementor-element-5pbrfdr\" data-id=\"5pbrfdr\" data-element_type=\"column\" data-e-type=\"column\">\n\t\t\t<div class=\"elementor-widget-wrap elementor-element-populated\">\n\t\t\t\t\t\t<div class=\"elementor-element elementor-element-d462133 elementor-widget elementor-widget-image\" data-id=\"d462133\" data-element_type=\"widget\" data-e-type=\"widget\" data-widget_type=\"image.default\">\n\t\t\t\t\t\t\t\t\t\t\t\t\t\t\t<img decoding=\"async\" width=\"460\" height=\"306\" src=\"https:\/\/bo-wigger.de\/wp-content\/uploads\/2025\/12\/Gig-SFCmpfchen-3-Kopie.jpg\" class=\"attachment-large size-large wp-image-444\" alt=\"\" srcset=\"https:\/\/bo-wigger.de\/wp-content\/uploads\/2025\/12\/Gig-SFCmpfchen-3-Kopie.jpg 460w, https:\/\/bo-wigger.de\/wp-content\/uploads\/2025\/12\/Gig-SFCmpfchen-3-Kopie-300x200.jpg 300w\" sizes=\"(max-width: 460px) 100vw, 460px\" \/>\t\t\t\t\t\t\t\t\t\t\t\t\t\t\t<\/div>\n\t\t\t\t<div class=\"elementor-element elementor-element-e9312cb elementor-widget elementor-widget-image\" data-id=\"e9312cb\" data-element_type=\"widget\" data-e-type=\"widget\" data-widget_type=\"image.default\">\n\t\t\t\t\t\t\t\t\t\t\t\t\t\t\t<img decoding=\"async\" width=\"400\" height=\"490\" src=\"https:\/\/bo-wigger.de\/wp-content\/uploads\/2025\/12\/bo-2-Kopie.jpg\" class=\"attachment-large size-large wp-image-426\" alt=\"\" srcset=\"https:\/\/bo-wigger.de\/wp-content\/uploads\/2025\/12\/bo-2-Kopie.jpg 400w, https:\/\/bo-wigger.de\/wp-content\/uploads\/2025\/12\/bo-2-Kopie-245x300.jpg 245w\" sizes=\"(max-width: 400px) 100vw, 400px\" \/>\t\t\t\t\t\t\t\t\t\t\t\t\t\t\t<\/div>\n\t\t\t\t\t<\/div>\n\t\t<\/div>\n\t\t\t\t\t<\/div>\n\t\t<\/section>\n\t\t\t\t<\/div>\n\t\t","protected":false},"excerpt":{"rendered":"<p>Demosongs Viele Songs werden auf ganz eigene Weise interpretiert.Bo Wigger schafft eine Musikatmosph\u00e4re zum Zuh\u00f6ren, Mitsingen und Tanzen. Demosongs k\u00f6nnen hier im mp3-Format angeh\u00f6rt werden: &nbsp; Fly with me Old man&#8217;s philosophy Tired Scarborough Fair Weitere Musikaufnahmen siehe Diskografie.<\/p>\n","protected":false},"author":1,"featured_media":0,"parent":0,"menu_order":0,"comment_status":"closed","ping_status":"closed","template":"","meta":{"footnotes":""},"class_list":["post-500","page","type-page","status-publish","hentry"],"_links":{"self":[{"href":"https:\/\/bo-wigger.de\/index.php\/wp-json\/wp\/v2\/pages\/500","targetHints":{"allow":["GET"]}}],"collection":[{"href":"https:\/\/bo-wigger.de\/index.php\/wp-json\/wp\/v2\/pages"}],"about":[{"href":"https:\/\/bo-wigger.de\/index.php\/wp-json\/wp\/v2\/types\/page"}],"author":[{"embeddable":true,"href":"https:\/\/bo-wigger.de\/index.php\/wp-json\/wp\/v2\/users\/1"}],"replies":[{"embeddable":true,"href":"https:\/\/bo-wigger.de\/index.php\/wp-json\/wp\/v2\/comments?post=500"}],"version-history":[{"count":168,"href":"https:\/\/bo-wigger.de\/index.php\/wp-json\/wp\/v2\/pages\/500\/revisions"}],"predecessor-version":[{"id":3408,"href":"https:\/\/bo-wigger.de\/index.php\/wp-json\/wp\/v2\/pages\/500\/revisions\/3408"}],"wp:attachment":[{"href":"https:\/\/bo-wigger.de\/index.php\/wp-json\/wp\/v2\/media?parent=500"}],"curies":[{"name":"wp","href":"https:\/\/api.w.org\/{rel}","templated":true}]}}