{"id":610,"date":"2025-12-01T17:03:25","date_gmt":"2025-12-01T16:03:25","guid":{"rendered":"http:\/\/bo-wigger.de\/?page_id=610"},"modified":"2026-01-10T12:16:05","modified_gmt":"2026-01-10T11:16:05","slug":"musikerbiografiie","status":"publish","type":"page","link":"https:\/\/bo-wigger.de\/index.php\/musikerbiografiie\/","title":{"rendered":"Musikerbiografie"},"content":{"rendered":"\t\t<div data-elementor-type=\"wp-post\" data-elementor-id=\"610\" class=\"elementor elementor-610\">\n\t\t\t\t<div class=\"elementor-element elementor-element-37bf5e4 e-flex e-con-boxed e-con e-parent\" data-id=\"37bf5e4\" data-element_type=\"container\" data-e-type=\"container\">\n\t\t\t\t\t<div class=\"e-con-inner\">\n\t\t\t\t<div class=\"elementor-element elementor-element-d378d51 elementor-widget elementor-widget-text-editor\" data-id=\"d378d51\" data-element_type=\"widget\" data-e-type=\"widget\" data-widget_type=\"text-editor.default\">\n\t\t\t\t\t\t\t\t\t<p>Musikerbiografie<\/p>\t\t\t\t\t\t\t\t<\/div>\n\t\t\t\t\t<\/div>\n\t\t\t\t<\/div>\n\t\t<div class=\"elementor-element elementor-element-47c3626 e-flex e-con-boxed e-con e-parent\" data-id=\"47c3626\" data-element_type=\"container\" data-e-type=\"container\">\n\t\t\t\t\t<div class=\"e-con-inner\">\n\t\t<div class=\"elementor-element elementor-element-1a6e36e e-con-full e-flex e-con e-child\" data-id=\"1a6e36e\" data-element_type=\"container\" data-e-type=\"container\">\n\t\t\t\t<div class=\"elementor-element elementor-element-9e76f63 elementor-widget__width-initial elementor-widget elementor-widget-text-editor\" data-id=\"9e76f63\" data-element_type=\"widget\" data-e-type=\"widget\" data-widget_type=\"text-editor.default\">\n\t\t\t\t\t\t\t\t\t<div><span style=\"text-decoration: underline; color: #b50c0c;\"><strong>1956:<\/strong><\/span> Im Juni 1956 wurde ich in einer Kleinstadt im Bergischen Land in der N\u00e4he von K\u00f6ln geboren. Bereits als Vierj\u00e4hriger h\u00f6rte ich mit Interesse die Rock\u00b4n\u00b4Roll- und Schlagerschallplatten meiner Eltern.<\/div><div>\u00a0<\/div><div><span style=\"text-decoration: underline; color: #b50c0c;\"><strong>1962:<\/strong><\/span> Im Alter von sechs Jahren begeisterte ich mich f\u00fcr die Beatles. Auf selbstgebauten Sperrholzgitarren versuchte ich mit Freunden diese nachzuahmen. In der Grundschule lernte ich dann Blockfl\u00f6te und eignete mir die ersten Notenkenntnisse an. Als ich acht Jahre alt war schenkten mir meine Eltern eine Plastikgitarre auf der aber schon nach wenigen Wochen s\u00e4mtliche Saiten fehlten da ich sie permanent bearbeitete.<\/div><div>\u00a0<\/div><div><span style=\"text-decoration: underline; color: #b50c0c;\"><strong>1965:<\/strong><\/span> Ein Jahr sp\u00e4ter war ich endlich im Besitz einer alten Wandergitarre, mit der ich dann auf dem Dachboden verschwand um niemanden mit meiner \u00dcberei zu nerven. Leider fehlten mir zu diesem Zeitpunkt noch Gitarrenb\u00fccher und eine gute Anleitung.<\/div><div>\u00a0<\/div><div><span style=\"text-decoration: underline; color: #b50c0c;\"><strong>1969:<\/strong><\/span> Mit knapp dreizehn Jahren kaufte ich eine H\u00f6fner Elektro-Gitarre und lernte autodidaktisch mit Grifftabellen. Mein erster Song war nat\u00fcrlich &#8222;The house of the rising sun&#8220; in der Version von den Animals. Es folgten einige Beatles Songs.<\/div><div>\u00a0<\/div><div><span style=\"text-decoration: underline; color: #b50c0c;\"><strong>1971:<\/strong><\/span> Meinen ersten Bandauftritt hatte ich dann mit f\u00fcnfzehn auf einer Schulparty, allerdings am E-Bass, in der Besetzung Orgel, Schlagzeug und Bass. Verschiedene Kellerbands, in denen wir Gruppen wie &#8222;The Cream&#8220; oder &#8222;Jimi Hendrix Experience&#8220; nachahmten, wurden dann gegr\u00fcndet und wieder aufgel\u00f6st.<\/div><div>Zeitweise \u00fcbte ich dann auch alleine mit Akustikgitarre und Mundharmonika nach den Vorbildern Bob Dylan und Neil Young. Dabei probierte ich auch erste Bluesformen aus.<\/div><div>Alleine mit der Gitarre spielte ich oft auf Partys oder abends am Lagerfeuer in unserer l\u00e4ndlichen Umgebung.<\/div><div>\u00a0<\/div><div><span style=\"text-decoration: underline; color: #b50c0c;\"><strong>1975:<\/strong><\/span> Mit neunzehn Jahren gr\u00fcndete ich gemeinsam mit einem Freund das Folk-Duo R&amp;B. Au\u00dfer einigen Auftritten produzierten wir auch eine Single. Sp\u00e4ter entstand aus diesem Duo die Gruppe &#8222;Reflection&#8220;. Nach drei Monaten wurde diese Gruppe jedoch aufgel\u00f6st, da mein Freund bei einem Autounfall ums Leben kam.<\/div><div>\u00a0<\/div><div><span style=\"text-decoration: underline; color: #b50c0c;\"><strong>1978:<\/strong> <\/span>Auf der Suche nach neuen Wegen reiste ich \u00fcber Land nach Asien und besuchte dort u.a. die L\u00e4nder Indien, Nepal und Ceylon. In dem indischen Bundesstaat Kaschmir lebte ich zeitweise mit drei Kanadiern zusammen auf einem Hausboot. Da sie Schwierigkeiten hatten meinen Vornamen &#8222;Burkhard&#8220; auszusprechen, sagte einer von ihnen &#8222;I just call you Bo&#8220;.<\/div><div>Reiseeindr\u00fccke und Begegnungen mit Menschen regten mich zum Schreiben neuer Songs an. Unterwegs besch\u00e4ftigte ich mich auch mit der indischen Sitar. Nach einem halben Jahr kehrte ich zur\u00fcck nach Deutschland. In der Folgezeit nahm ich Unterricht in klassischer Gitarre um meine musikalischen Kenntnisse zu erweitern.<\/div><div>\u00a0<\/div><div><span style=\"text-decoration: underline; color: #b50c0c;\"><strong>1980:<\/strong><\/span> Doch nach einem Jahr ging es dann wieder auf Reise, diesmal nach Amerika. Ich besuchte die L\u00e4nder Guatemala, Mexiko, USA und Kanada. In Guatemala spielte ich in den Bergen am Lake Atitlan mit zwei Amerikanern in einem Trio. (Geige, Querfl\u00f6te und Gitarre)<\/div><div>W\u00e4hrend meiner weiteren Reise schrieb ich auch einige Songs und spielte in Quebec in Bars.<\/div><div>Nach neun Monaten kehrte ich zur\u00fcck nach Deutschland und hatte dort einige Sologigs in heimatlichen Kneipen. Ich lebte dann eine zeitlang in K\u00f6ln. Dort gr\u00fcndete ich gemeinsam mit anderen eine Musikgruppe mit folgender Besetzung: zwei Gitarren, indische Tablas und Fl\u00f6te. Das Resultat waren auch einige gemeinsame Auftritte. Doch nach etwa einem halben Jahr zog es mich wieder zur\u00fcck aufs Land.<\/div><div>\u00a0<\/div><div><span style=\"text-decoration: underline; color: #b50c0c;\"><strong>1981:<\/strong><\/span> Ende 1981 entstand im Bergischen Land die Gruppe &#8222;Bo Tanik&#8220; in der Rockmusik mit Folk- und Funkeinfl\u00fcssen sowie deutschen Texten gespielt wurde. Als S\u00e4nger und Gitarrist dieser Band lieferte ich auch die St\u00fccke.<\/div><div>Wir spielten h\u00e4ufig in Kneipen, Jugendzentren, Kulturzentren und auf Stadtfesten. Ende 1984 l\u00f6ste sich die Gruppe auf.<\/div><div>\u00a0<\/div><div><span style=\"text-decoration: underline; color: #b50c0c;\"><strong>1985:<\/strong><\/span> Es folgten einige Soloauftritte mit Akustikgitarre im K\u00f6lner Raum.<\/div><div>Im August 1985 reiste ich dann wieder \u00fcber Land in Richtung Asien. In den asiatischen L\u00e4ndern hatte ich zahlreiche Auftritte, sp\u00e4ter auch in Australien, Neuseeland, USA und Kanada. Au\u00dferdem sammelte ich Erfahrungen als Stra\u00dfenmusiker.<\/div><div>\u00a0<\/div><div><span style=\"text-decoration: underline; color: #b50c0c;\"><strong>1987:<\/strong><\/span> Im November 1987 nahm ich in einem Studio in Montreal einige selbstkomponierte St\u00fccke f\u00fcr eine Musikkassette mit dem Titel &#8222;Shikara&#8220; auf und reiste dann durch die USA bis nach Florida um dort den Winter zu verbringen und in Bars und auf der Strasse zu spielen.<\/div><div>\u00a0<\/div><div><span style=\"text-decoration: underline; color: #b50c0c;\"><strong>1988:<\/strong><\/span> Ich kehrte dann im April 1988 nach fast dreij\u00e4hriger Reise zur\u00fcck nach Deutschland. Dort lie\u00df ich mich anfangs im Bergischen Land nieder und spielte viele Sologigs in K\u00f6ln, im Bergischen Land und gelegentlich auch weiter au\u00dferhalb. Zwischenzeitlich reiste ich mit einem alten VW Bus nach S\u00fcddeutschland, \u00d6sterreich, Italien und Spanien. Unterwegs spielte ich auf der Strasse und tingelte in Spanien durch die Bars.<\/div><div>\u00a0<\/div><div><span style=\"text-decoration: underline; color: #b50c0c;\"><strong>1992:<\/strong><\/span> M\u00fcde vom Reiseleben und auf der Suche nach Bodenst\u00e4ndigkeit studierte ich in den darauffolgenden Jahren in K\u00f6ln Englisch und Musikp\u00e4dagogik. Gitarre war mein Hauptinstrument und Klavier das Zweitinstrument. Mein Gitarrenrepertoire wurde durch St\u00fccke aus dem Klassik- und Latinbereich erweitert. Eine pers\u00f6nliche Bereicherung war auch meine Teilnahme im Jazzchor, Folklore- und Perkussionsensemble. In meiner Examensarbeit besch\u00e4ftigte ich mich mit Blues, dem Folkrevival und der neuen Unplugged Musikszene.<\/div><div>W\u00e4hrend dieser Jahre lebte ich in K\u00f6ln. Ich trat nur gelegentlich auf und spielte vorwiegend im Freundeskreis. Viele Jahre arbeitete ich als Gitarrenlehrer an Musikschulen. Einige Jahre spielte ich in einem Blues- und Folkduo.<\/div><div>\u00a0<\/div><div><span style=\"text-decoration: underline; color: #b50c0c;\"><strong>2000:<\/strong><\/span> Seit dem neuen Jahrtausend hatte ich wieder regelm\u00e4\u00dfiger Soloauftritte mit Akustikgitarre und Mundharmonika im K\u00f6lner Raum und im Bergischen Land. Es folgten weitere Duo- und Bandprojekte. In K\u00f6ln spielte ich l\u00e4ngere Zeit zusammen mit einem Latin- und Flamencogitarristen.<\/div><div>\u00a0<\/div><div><span style=\"text-decoration: underline; color: #b50c0c;\"><strong>2006:<\/strong><\/span> Im Oktober 2006 trat ich als Gitarrist und Keyboarder einer Rockband bei. In dieser f\u00fcnfk\u00f6pfigen Formation absolvierten wir einige Auftritte. Bereits ein Jahr sp\u00e4ter l\u00f6ste sich diese Formation wieder auf. Es folgten aber einige Sologigs.<\/div><div>\u00a0<\/div><div><span style=\"text-decoration: underline; color: #b50c0c;\"><strong>2008:<\/strong><\/span> Das neue Projekt in diesem Jahr war ein Duo mit dem afrikanischen Trommler Malick Sillah. Viele Songs wurden auf ganz eigene Weise interpretiert. Zusammen spielten wir eine rhythmische, tanzbare Musik, die durch instrumentale Improvisationen bereichert wurde. Au\u00dferdem war ich weiterhin Solo unterwegs: Gesang, Gitarre, Mundharmonika und Footstomping.<\/div><div>\u00a0<\/div><div><span style=\"text-decoration: underline; color: #b50c0c;\"><strong>2009:<\/strong><\/span> Im Duo mit dem Trommler Malick Sillah fanden zahlreiche Auftritte an verschiedenen Orten im Bergischen statt. Die Zusammenarbeit mit Malick Sillah wurde bis zum Sommer 2010 fortgef\u00fchrt. Ab September spielte ich dann eine zeitlang mit dem Perkussionisten Stefan Gr\u00e4f. (Djembe, Cajon, Congas und Backgroundgesang)<\/div><div>\u00a0<\/div><div><span style=\"text-decoration: underline; color: #b50c0c;\"><strong>2011:<\/strong><\/span> Zusammen mit Stefan Gr\u00e4f wurden einige Gigs gespielt. Nach l\u00e4ngerer Pause kehrte dann Malick Sillah wieder zur\u00fcck. In der zweiten Jahresh\u00e4lfte standen wir wieder mehrmals gemeinsam auf der B\u00fchne. Zum Jahresende stieg ich auch wieder in eine Band ein und traf dabei auf einige Rock-Urgesteine aus dem Bergischen Land. Gemeinsam widmeten wir uns den Songs der 70er Jahre.<\/div><div>\u00a0<\/div><div><span style=\"text-decoration: underline; color: #b50c0c;\"><strong>2012:<\/strong><\/span> In diesem Jahr gab es dann schon einige Bandauftritte. Au\u00dferdem spielte ich abwechselnd im Duo mit Malick Sillah und einem Gitarristen, woraus sich dann ein Trio entwickelte. Premiere war am 03.11.12, unser erster Auftritt in dieser Besetzung. Ab Sommer begann dann auch der Aufbau und die Zusammenarbeit mit der Band Rockcube in der ich die Position des S\u00e4ngers und Gitarristen einnahm.<\/div><div>\u00a0<\/div><div><span style=\"text-decoration: underline; color: #b50c0c;\"><strong>2013:<\/strong><\/span> Die folgenden Jahre waren von zahlreichen Solo, Duo, Trio und Bandauftritten gepr\u00e4gt.<\/div><div>\u00a0<\/div><div><span style=\"text-decoration: underline; color: #b50c0c;\"><strong>2015:<\/strong><\/span> Ab Anfang des Jahres begann die Zusammenarbeit mit dem Perkussionisten Christian Marr\u00e9, mit dem ich im gleichen Jahr mehrere Auftritte hatte.<\/div><div>\u00a0<\/div><div><span style=\"text-decoration: underline; color: #b50c0c;\"><strong>2016:<\/strong><\/span> Au\u00dfer zahlreichen Solo, Duo und Trioauftritten fanden die ersten Gigs mit der Band RockCube statt. Ab Sommer startete die Zusammenarbeit mit der S\u00e4ngerin Nicole Haas, gefolgt von einigen Duoauftritten.<\/div><div>\u00a0<\/div><div><span style=\"text-decoration: underline; color: #b50c0c;\"><strong>2019:<\/strong><\/span> In den letzten beiden Jahren hatte ich viele Auftritte mit Nicole Haas und au\u00dferdem einige mit der Band RockCube. Zus\u00e4tzlich spielte ich ab 2019 einige Gigs als Gitarrist der Band Winni &amp; Friends. Daraus entwickelte sich dann das Duo Two Friends (Winni &amp; Bo).<\/div><div>\u00a0<\/div><div><span style=\"text-decoration: underline; color: #b50c0c;\"><strong>2024:<\/strong><\/span> Im Verlauf der letzten Jahre gab es neben dem Soloprojekt Bo Wigger die Zusammenarbeit und Auftritte mit verschiedenen Formationen. Aktueller Stand: die beiden Bands RockCube und Varied Troup, die beiden Duos Bo &amp; Chris (Boplus) und Two Friends.<\/div><div>\u00a0<\/div><div>\u00a0<\/div><div>\u00a0<\/div>\t\t\t\t\t\t\t\t<\/div>\n\t\t\t\t<\/div>\n\t\t\t\t\t<\/div>\n\t\t\t\t<\/div>\n\t\t<div class=\"elementor-element elementor-element-e5ca2b8 e-con-full e-flex e-con e-parent\" data-id=\"e5ca2b8\" data-element_type=\"container\" data-e-type=\"container\">\n\t\t<div class=\"elementor-element elementor-element-d9e8c7a e-con-full e-flex e-con e-child\" data-id=\"d9e8c7a\" data-element_type=\"container\" data-e-type=\"container\">\n\t\t\t\t\t\t\t<div data-eael_opacity=\"{&quot;opacity&quot;:0.8}\" data-eael_duration=\"{&quot;transitionDuration&quot;:1000}\" data-eael_easing=\"{&quot;transitionEasing&quot;:&quot;ease&quot;}\" data-eael_hover_duration=\"{&quot;transitionDuration&quot;:1000}\" data-eael_hover_easing=\"{&quot;transitionEasing&quot;:&quot;ease&quot;}\" class=\"eael_hover_effect elementor-element elementor-element-e1c838f elementor-widget elementor-widget-image\" data-id=\"e1c838f\" data-element_type=\"widget\" data-e-type=\"widget\" data-settings=\"{&quot;eael_hover_effect_general_settings_easing&quot;:&quot;ease&quot;,&quot;eael_hover_effect_general_settings_hover_easing&quot;:&quot;ease&quot;}\" data-widget_type=\"image.default\">\n\t\t\t\t\t\t\t\t\t\t\t\t\t\t\t<img fetchpriority=\"high\" decoding=\"async\" width=\"1280\" height=\"960\" src=\"https:\/\/bo-wigger.de\/wp-content\/uploads\/2025\/12\/guitar-174931_1280.jpg\" class=\"attachment-2048x2048 size-2048x2048 wp-image-517\" alt=\"\" srcset=\"https:\/\/bo-wigger.de\/wp-content\/uploads\/2025\/12\/guitar-174931_1280.jpg 1280w, https:\/\/bo-wigger.de\/wp-content\/uploads\/2025\/12\/guitar-174931_1280-300x225.jpg 300w, https:\/\/bo-wigger.de\/wp-content\/uploads\/2025\/12\/guitar-174931_1280-1024x768.jpg 1024w, https:\/\/bo-wigger.de\/wp-content\/uploads\/2025\/12\/guitar-174931_1280-768x576.jpg 768w\" sizes=\"(max-width: 1280px) 100vw, 1280px\" \/>\t\t\t\t\t\t\t\t\t\t\t\t\t\t\t<\/div>\n\t\t\t\t<\/div>\n\t\t<div class=\"elementor-element elementor-element-3f884e0 e-con-full e-flex e-con e-child\" data-id=\"3f884e0\" data-element_type=\"container\" data-e-type=\"container\">\n\t\t\t\t\t\t\t<div data-eael_opacity=\"{&quot;opacity&quot;:0.8}\" data-eael_duration=\"{&quot;transitionDuration&quot;:1000}\" data-eael_easing=\"{&quot;transitionEasing&quot;:&quot;ease&quot;}\" data-eael_hover_duration=\"{&quot;transitionDuration&quot;:1000}\" data-eael_hover_easing=\"{&quot;transitionEasing&quot;:&quot;ease&quot;}\" class=\"eael_hover_effect elementor-element elementor-element-0b5818c elementor-widget__width-initial elementor-widget elementor-widget-image\" data-id=\"0b5818c\" data-element_type=\"widget\" data-e-type=\"widget\" data-settings=\"{&quot;eael_hover_effect_general_settings_easing&quot;:&quot;ease&quot;,&quot;eael_hover_effect_general_settings_hover_easing&quot;:&quot;ease&quot;}\" data-widget_type=\"image.default\">\n\t\t\t\t\t\t\t\t\t\t\t\t\t\t\t<img decoding=\"async\" width=\"640\" height=\"427\" src=\"https:\/\/bo-wigger.de\/wp-content\/uploads\/2025\/12\/guitar-4293687_640.jpg\" class=\"attachment-2048x2048 size-2048x2048 wp-image-1066\" alt=\"\" srcset=\"https:\/\/bo-wigger.de\/wp-content\/uploads\/2025\/12\/guitar-4293687_640.jpg 640w, https:\/\/bo-wigger.de\/wp-content\/uploads\/2025\/12\/guitar-4293687_640-300x200.jpg 300w\" sizes=\"(max-width: 640px) 100vw, 640px\" \/>\t\t\t\t\t\t\t\t\t\t\t\t\t\t\t<\/div>\n\t\t\t\t<\/div>\n\t\t<div class=\"elementor-element elementor-element-944954e e-con-full e-flex e-con e-child\" data-id=\"944954e\" data-element_type=\"container\" data-e-type=\"container\">\n\t\t\t\t\t\t\t<div data-eael_opacity=\"{&quot;opacity&quot;:0.8}\" data-eael_duration=\"{&quot;transitionDuration&quot;:1000}\" data-eael_easing=\"{&quot;transitionEasing&quot;:&quot;ease&quot;}\" data-eael_hover_duration=\"{&quot;transitionDuration&quot;:1000}\" data-eael_hover_easing=\"{&quot;transitionEasing&quot;:&quot;ease&quot;}\" class=\"eael_hover_effect elementor-element elementor-element-ec96103 elementor-widget elementor-widget-image\" data-id=\"ec96103\" data-element_type=\"widget\" data-e-type=\"widget\" data-settings=\"{&quot;eael_hover_effect_general_settings_easing&quot;:&quot;ease&quot;,&quot;eael_hover_effect_general_settings_hover_easing&quot;:&quot;ease&quot;}\" data-widget_type=\"image.default\">\n\t\t\t\t\t\t\t\t\t\t\t\t\t\t\t<img decoding=\"async\" width=\"1280\" height=\"850\" src=\"https:\/\/bo-wigger.de\/wp-content\/uploads\/2025\/12\/guitar-2183684_1280.jpg\" class=\"attachment-2048x2048 size-2048x2048 wp-image-402\" alt=\"\" srcset=\"https:\/\/bo-wigger.de\/wp-content\/uploads\/2025\/12\/guitar-2183684_1280.jpg 1280w, https:\/\/bo-wigger.de\/wp-content\/uploads\/2025\/12\/guitar-2183684_1280-300x199.jpg 300w, https:\/\/bo-wigger.de\/wp-content\/uploads\/2025\/12\/guitar-2183684_1280-1024x680.jpg 1024w, https:\/\/bo-wigger.de\/wp-content\/uploads\/2025\/12\/guitar-2183684_1280-768x510.jpg 768w\" sizes=\"(max-width: 1280px) 100vw, 1280px\" \/>\t\t\t\t\t\t\t\t\t\t\t\t\t\t\t<\/div>\n\t\t\t\t<\/div>\n\t\t\t\t<\/div>\n\t\t\t\t<\/div>\n\t\t","protected":false},"excerpt":{"rendered":"<p>Musikerbiografie 1956: Im Juni 1956 wurde ich in einer Kleinstadt im Bergischen Land in der N\u00e4he von K\u00f6ln geboren. Bereits als Vierj\u00e4hriger h\u00f6rte ich mit Interesse die Rock\u00b4n\u00b4Roll- und Schlagerschallplatten meiner Eltern.\u00a01962: Im Alter von sechs Jahren begeisterte ich mich f\u00fcr die Beatles. Auf selbstgebauten Sperrholzgitarren versuchte ich mit Freunden diese nachzuahmen. In der Grundschule [&hellip;]<\/p>\n","protected":false},"author":1,"featured_media":0,"parent":0,"menu_order":0,"comment_status":"closed","ping_status":"closed","template":"","meta":{"footnotes":""},"class_list":["post-610","page","type-page","status-publish","hentry"],"_links":{"self":[{"href":"https:\/\/bo-wigger.de\/index.php\/wp-json\/wp\/v2\/pages\/610","targetHints":{"allow":["GET"]}}],"collection":[{"href":"https:\/\/bo-wigger.de\/index.php\/wp-json\/wp\/v2\/pages"}],"about":[{"href":"https:\/\/bo-wigger.de\/index.php\/wp-json\/wp\/v2\/types\/page"}],"author":[{"embeddable":true,"href":"https:\/\/bo-wigger.de\/index.php\/wp-json\/wp\/v2\/users\/1"}],"replies":[{"embeddable":true,"href":"https:\/\/bo-wigger.de\/index.php\/wp-json\/wp\/v2\/comments?post=610"}],"version-history":[{"count":68,"href":"https:\/\/bo-wigger.de\/index.php\/wp-json\/wp\/v2\/pages\/610\/revisions"}],"predecessor-version":[{"id":3287,"href":"https:\/\/bo-wigger.de\/index.php\/wp-json\/wp\/v2\/pages\/610\/revisions\/3287"}],"wp:attachment":[{"href":"https:\/\/bo-wigger.de\/index.php\/wp-json\/wp\/v2\/media?parent=610"}],"curies":[{"name":"wp","href":"https:\/\/api.w.org\/{rel}","templated":true}]}}